6)/9) is divided by (-8)/(128/36)*-4.
7
Let f(c) = c**3 - 46*c**2 + 46*c + 77. Calculate the remainder when 2559 is divided by f(45).
119
Suppose -3*k - 4*h = -158, 4*k - 2*k - 2*h = 110. Let n = k - 48. What is the remainder when (-321)/(-4) - n/24 is divided by 41?
39
Let w(x) = 3*x**2 + 12*x + 16. Let c be w(-10). Let n = 258 - c. What is the remainder when n is divided by 22?
18
Suppose 4868 - 417 = 350*m - 10249. What is the remainder when 292 is divided by m?
40
Let n(g) = 300*g - 1760. What is the remainder when 465 is divided by n(6)?
25
Let d = -2489 + 2510. Calculate the remainder when 82 is divided by d.
19
Suppose 0 = -2*n - 2*n - 16, -3*n - 8 = 2*c. Suppose 4*b - 238 = -0*j - c*j, 3*b + 5*j = 168. What is the remainder when b is divided by 7?
5
Suppose -5*l - 4*i + 833 = 0, -286*i = -2*l - 281*i + 353. Calculate the remainder when 466 is divided by l.
128
Let i = 5457 + -4973. Calculate the remainder when i is divided by 92.
24
Let i = -248 - -330. Calculate the remainder when 213 is divided by i.
49
Suppose 0 = -b + 2*b. Suppose -2*i + 7*i - 275 = b. Suppose 300*o = 116*o + 3680. What is the remainder when i is divided by o?
15
Let a = 1063 + -1038. Suppose 0 = -a*v + 2*v + 782. Calculate the remainder when 271 is divided by v.
33
Suppose 5*l + 5*z - 48 = 132, l - 2*z - 21 = 0. Suppose 5*a - 29 - l = 0. Suppose 0 = -111*r + 4196 - 3752. What is the remainder when a is divided by r?
0
Let x be 5/10*5*10. Let n = 28 - x. Suppose n*j + 46 = 2*f, 2*f - 3*j + 56 = 6*f. What is the remainder when 31 is divided by f?
14
Suppose -4*i - 11*i - 5*i + 23040 = 0. Calculate the remainder when i is divided by 82.
4
Suppose -36 = -2*t - 4*o, 5*t - 102 = o - 12. Suppose -t*g = 238 - 1192. Calculate the remainder when 105 is divided by g.
52
Let s(g) = -23*g - 4. Let f be s(-3). Suppose 7*m - f = 138. Let q(p) = 170*p + 1. Calculate the remainder when q(1) is divided by m.
26
Suppose 0 = -4*l + 8*q + 452, -14*q + 3 = -17*q. Calculate the remainder when 853 is divided by l.
76
Let q(k) = 17*k**3 - 19*k**2 + 12*k - 39. Calculate the remainder when q(6) is divided by 56.
53
Let m = -12 - -12. Suppose 0 = -2*b + w - m*w + 87, -w = -3. Calculate the remainder when b is divided by (14 - 2)*(-8)/(-6).
13
Let d be 2 + (-5)/((-20)/8). Let w be 3/(d/(-2)*(-2)/4). Calculate the remainder when 4184/20 + (42/15 - w) is divided by 30.
29
What is the remainder when 4306 is divided by ((-410)/280 - (-4)/(-16))/((-2)/14)?
10
Let w = 24 - -16. Let y = 2748 - 2743. Calculate the remainder when w is divided by y.
0
Suppose 0 = 795*z - 785*z - 1130. Calculate the remainder when 2144 is divided by z.
110
Suppose 7*a = 2*a + 10. Suppose -4*k = 4*n - 124, a*n + k - 65 = -2*k. Suppose -31*u = 110*u + 80*u - 18122. Calculate the remainder when u is divided by n.
26
What is the remainder when 855 is divided by (-14 + 1330/56)/((-3)/12*-1)?
36
Let c be (1 - 90/(-21)) + (-24)/84. What is the remainder when (426 - (-11 + c))*2/3 is divided by 10?
8
Let j(r) = r**3 + 18*r**2 - 2*r - 109. Suppose 591*a = 584*a + 763. Calculate the remainder when j(-16) is divided by a.
108
Suppose -30*j = -31*j + 1785. What is the remainder when j is divided by 256?
249
Suppose -2319 = -2*y + 3*t, 5*y = -256*t + 252*t + 5878. What is the remainder when y is divided by 86?
52
Suppose -r - 9 + 16 = -k, -k = r - 9. Suppose j - r = -5*b, 5*j - 3*b - 2*b = 130. Calculate the remainder when j is divided by 22/5 - (-2)/(-5).
3
Let m be 2924/1020 + 2/15. What is the remainder when 97 is divided by (-36)/(-135)*m*50?
17
Calculate the remainder when 4618 is divided by (-4)/6*-420*12/32.
103
Let u(y) = 40*y + 5. Let p be u(-2). Let l = p + 77. Suppose -5*q = -s - 40, -l*q + q - s + 14 = 0. Calculate the remainder when 35 is divided by q.
8
Suppose 4*v - 54 = -2*u, -32 - 31 = -3*v + 3*u. What is the remainder when 417 is divided by v?
1
Suppose -3 = r + 2*t + 1, 0 = 2*r + 3*t + 5. Suppose 18 = p - 5*u, -r*p + 4*u + 3 + 33 = 0. Calculate the remainder when (-412)/(-6) - 34/51 is divided by p.
14
Let i(y) = -y**3 - 32*y**2 + 1037*y + 107. Suppose -w + 191 = -3*o + o, -4*w - 3*o + 731 = 0. Calculate the remainder when w is divided by i(20).
44
Let h = -51 + 79. Let y(c) = 11*c - 89. What is the remainder when h is divided by y(9)?
8
Let c = -5316 - -5363. What is the remainder when 336 is divided by c?
7
Suppose -5*j - 2*t + 44 = 0, -2*t + 7 = -3*j + 27. Suppose -j = 4*a, -c + a = 2*a - 9. Calculate the remainder when 38 is divided by c.
5
Suppose -z - 16 = -4*i, -4*i + 5*z = -0*z. Let r be 206 + 4 - (-13 - -7). Suppose v + r = i*v. What is the remainder when v is divided by 19?
16
Let g be 162/8*(52 - 48). Suppose -g = -3*q + 3*p - 15, 0 = 3*p. What is the remainder when 50 is divided by q?
6
Suppose 4*m = 4 + 116. Let a be 2/(((-6)/4)/(-3)). Suppose -m = -5*l - 5*t, a*l - 48 = -0*t + 2*t. Calculate the remainder when 48 is divided by l.
8
Let y = 12319 + -9780. What is the remainder when y is divided by 94?
1
Calculate the remainder when 1755 is divided by (-46)/(-621) + 6/(-81) + 63.
54
Let c(q) = 2*q**2 - 7*q - 201. Suppose -6*m + 46 = -4*m. What is the remainder when m is divided by c(12)?
2
Suppose -p = 3*n - 117, -p - 93 = -2*n - 290. Suppose -49 = -0*m - m + f, 4*f - 54 = -m. What is the remainder when p is divided by m?
15
Let j(b) = 13*b + 155. Let u = 22 - 32. Calculate the remainder when 82 is divided by j(u).
7
Suppose -62 = -2*c + 22. What is the remainder when (312/20)/(c/1960) is divided by 43?
40
Let g = -43 - -76. Suppose -11*t - 14844 + 15526 = 0. Calculate the remainder when t is divided by g.
29
Let u(h) = -2*h**2 - 2*h + 8. Let v = 20 + -20. Calculate the remainder when 22 is divided by u(v).
6
Let l = 1460375 + -1460370. Let s be 4/(-6) + (-2)/6. Calculate the remainder when 1 + -10*s/2 is divided by l.
1
Let i(y) = -2*y - 48. Let k be i(-24). Suppose -3*r + 22*r - 418 = k. Let x(p) = 7*p**2 + 6*p + 6. Calculate the remainder when x(-5) is divided by r.
19
Let r = 12 - 18. Let u be -4 + r*1/(-2). What is the remainder when 78 is divided by (-54)/(-6)*(4 + u)?
24
Let w be -2 - (-7)/4 - (-1015)/(-20). Let j = -47 - w. Suppose -2*v + 8 = v - j*s, 5*s = v + 12. Calculate the remainder when 45 is divided by v.
5
Let a = -198 - -198. Suppose -4*v - 17*v + 966 = a. What is the remainder when v is divided by 15?
1
Let v be 2*(-2)/8 + (-5)/(-2). Calculate the remainder when (v/2)/(29/145) is divided by 4.
1
Let f = -35 - -52. Suppose -12*k - 2475 = -f*k. Suppose 5*w - 5*n = k, w - 76 - 11 = -2*n. What is the remainder when w is divided by 14?
11
Suppose -4*q = -15*q + 77. Let k be 1/q - (-519)/21*4. What is the remainder when ((-88)/6)/((-11)/k) is divided by 27?
24
Let c(j) = 31*j + 60. What is the remainder when c(7) is divided by 58?
45
Let u(c) = -c**2 - 2*c + 1. Let z be u(-1). Suppose -z*i + s = -127, s + 3*s - 77 = -i. Suppose -15*x = -39 - 216. What is the remainder when i is divided by x?
14
Suppose -v + 2*n = -43, 200 - 30 = 5*v + 5*n. Let l = -3 + v. Let y = -1241 + 1259. What is the remainder when l is divided by y?
16
Let p(d) = d - 17. Let m be p(13). Let w = m - -9. Let v = 104 + -101. What is the remainder when w is divided by v?
2
Let u be (50/30)/(2/(-12))*-8. Suppose -5*p + 5*i = -u, -120 = -5*p - 2*i - 3*i. What is the remainder when 95 is divided by p?
15
Let f(l) = l**3 + 12*l**2 + 45*l + 8. Let h(w) = 3*w**2 + 11*w + 2. Let r(z) = 2*f(z) - 9*h(z). Calculate the remainder when r(6) is divided by 69.
61
Let j(m) = -1584*m**3 - 2*m**2 + 13*m + 30. What is the remainder when j(-2) is divided by 19?
14
Suppose 38 - 7 = y - w, 176 = 5*y + 2*w. Suppose -4*d - 4*g = -76, -5*d + 2*g + y = -4*d. What is the remainder when 140 is divided by d?
20
Let d(x) = 18*x + 26. Let s be d(-1). Suppose -2*g - 45 = -281. Calculate the remainder when g is divided by -9 + s + (30 - -1).
28
Suppose -5*b = 231 - 71. Calculate the remainder when (b/28)/(-4) - 3804/(-14) is divided by 21.
20
Let a(w) = 835*w**3 + 5*w**2 - 68*w + 254. What is the remainder when a(4) is divided by 38?
36
Let d(r) = -r**2 + 14*r + 9. Let c be d(9). Suppose -l = -p - 0*l + 44, -p = -3*l - c. Let x = p - 30. What is the remainder when 14 is divided by x?
5
Suppose 0 = 566*z - 357*z - 11495. Let p = 70 + -37. What is t